= -11*k + 12*k, a = 3*k + 14. List the prime factors of a.
2, 13
Let n(m) = -m - 2. Let i be n(-4). What are the prime factors of (-1)/((-3)/126*i)?
3, 7
Let f(l) = 4*l**3 + l**2 + 2*l. What are the prime factors of f(2)?
2, 5
Suppose 5*y - 2*y - 132 = 0. Suppose 9 = 2*w + v, -2*w + 30 = 3*w - 5*v. Suppose 0 = -w*p, 2*o + 2*p = -2*o + y. What are the prime factors of o?
11
Let t(j) = -j**2 + 5*j - 2. Let k be t(3). Suppose 4*r = -4*b, k*r + 3*b + 2 - 4 = 0. Suppose 2*g + 3*h = r*h + 19, 5 = -h. What are the prime factors of g?
2, 3
Suppose 0*j - 5*y + 31 = 4*j, y - 3 = 0. Suppose 2*f + p - 54 = -2*f, -3*f + 50 = -j*p. List the prime factors of f.
2, 7
Let j(t) = 7*t + 8*t - t - 5*t - 6 - t**2. Let l be j(8). Suppose 2*f - 16 = -l*f. What are the prime factors of f?
2
Let o = 3 - -7. Suppose -3*g + o = -5*h + 1, 0 = -4*h + g - 3. Suppose -3*n - 2*n + 35 = h. What are the prime factors of n?
7
Let o(v) = 112*v**2 - v. List the prime factors of o(1).
3, 37
Let x = 148 + -85. List the prime factors of x.
3, 7
Let s = 41 - 11. List the prime factors of s.
2, 3, 5
Suppose 0 = 4*u - 3*z - 5, u + 4*z = 5*u - 8. Let n(l) = -3*l**2. Let a be n(u). Let i(p) = -p**3 - 3*p**2 - 2*p - 3. List the prime factors of i(a).
3
Let w = 12 - 8. Suppose 0 = s + w*s - 10. Suppose -3*f + 7 = -s. What are the prime factors of f?
3
Let v(j) = -j**2 - 36*j - 8. List the prime factors of v(-11).
3, 89
Suppose -5 - 1 = -3*c. Suppose 0 = c*a - 3*a + 5. List the prime factors of a.
5
Let o(q) = -q**3 + 2*q + 10. List the prime factors of o(0).
2, 5
Let c(z) = -z**2 - 14*z - 19. List the prime factors of c(-11).
2, 7
Let a(w) = 22*w + 19. What are the prime factors of a(4)?
107
Suppose 2*h + 57 = 253. What are the prime factors of h?
2, 7
Let i(n) = -n**2 - 15*n + 15. List the prime factors of i(-15).
3, 5
Let c(b) = -b**2 - 13*b - 1. List the prime factors of c(-8).
3, 13
List the prime factors of 7/2 - 4/8.
3
Let c be (0 - 8)/((-4)/2). Suppose c*p - 27 - 9 = 0. Let x = -1 + p. What are the prime factors of x?
2
Let i be 4/(-10) - 111/(-15). Let z(f) = f**2 - 6*f - 7. Let x be z(i). Suppose 4*n = -x*n + 20. What are the prime factors of n?
5
Let u = 67 - 47. Let v = u + -9. Suppose 5*i = 31 - v. What are the prime factors of i?
2
Suppose 11 = y - 4. List the prime factors of y.
3, 5
Suppose u = 3*t + 93, 3*t - 6*t = -3*u + 291. What are the prime factors of u?
3, 11
Let r be (-2)/((56/12)/(-7)). Suppose -3*m - 68 = -5*m. Suppose r*j = j + m. List the prime factors of j.
17
Let a = 21 - 3. List the prime factors of a.
2, 3
Suppose -32 = -3*k + 2*k. Suppose -2*x + 2 = -k. List the prime factors of x.
17
Suppose 7*k - 10*k + 294 = 0. List the prime factors of k.
2, 7
Suppose 41 = -b + 3*b + 5*l, 5*b + 5*l - 65 = 0. Let s = 4 - b. What are the prime factors of (s/(-8))/((-1)/(-10))?
5
Let s(j) = 2*j**3 - 7*j**2 + 5*j - 15. List the prime factors of s(6).
3, 5, 13
Let b = 23 - -23. What are the prime factors of b?
2, 23
Let b(i) = 28*i + 2. Let q be b(2). Suppose -2*k = -2*a - 3*k + q, -4*a + 2*k + 100 = 0. List the prime factors of a.
3
List the prime factors of 3 + -9*16/(-12).
3, 5
Let m(i) = 5*i - 4. What are the prime factors of m(9)?
41
Suppose -2*k + 1840 = 3*k. What are the prime factors of k?
2, 23
Let w(m) = -113*m - 13. What are the prime factors of w(-2)?
3, 71
Suppose d + 51 = -2*o + 157, -16 = -4*o. What are the prime factors of d?
2, 7
Let z be -2*3*4/8. Let p(v) = v + 5. Let s be p(z). Suppose s + 5 = a. List the prime factors of a.
7
Suppose -4*n + 3*n + 19 = -2*r, -r = 3. Suppose -z + x - 3 = n, 0 = 3*z + 2*x + 23. What are the prime factors of (z/1)/(-3 - -2)?
11
Let z be 0*1/3*-1. Suppose -8*k + 4*k + 52 = z. List the prime factors of k.
13
Suppose 3*a - 194 = 4*n - 27, 5*a - 255 = -5*n. Suppose 0 = z - 0*z - a. Suppose -5*c = -2*b - z, -b + 2 = 6. List the prime factors of c.
3
Let t(b) = 4*b**2 + b - 4. Let x(j) = -j - 12. Let i be x(-9). List the prime factors of t(i).
29
Suppose -5*b + 7 = 2*n, -3*n - 1 = -4. What are the prime factors of b/(-4) - (-279)/12?
23
Let k(f) = f + 2. Suppose -3*d = -4*d. Let a be k(d). List the prime factors of a + 2 + (6 - -2).
2, 3
Let p = 0 - 0. Suppose -5*n - 9 = -3*d, -2*n + 12 = 4*d - p. Suppose f = d*f + 4*y - 2, 5*y = -5*f + 15. List the prime factors of f.
5
Suppose -2*u = -0 - 2. Let x = 2 + u. Suppose 0 = -4*k + 4*y + 52, x*k - 35 = 3*y - y. List the prime factors of k.
3
Let v(n) = n. Let l(j) = j**2 - 2*j + 3. Let h(w) = l(w) + 6*v(w). List the prime factors of h(-6).
3, 5
Suppose 169 = 4*w - 5*g, 0 = 4*w - 4*g - 2 - 166. List the prime factors of w.
41
Suppose 2*r = 5*x - 7, -r + 2*r = x + 1. Let h = r - 0. List the prime factors of h.
2
Let o = -6 + 270. List the prime factors of o.
2, 3, 11
Let b = -53 + 70. What are the prime factors of b?
17
Suppose -3*w = 2*x - 17, -4*w + 2*x + 3 + 1 = 0. Suppose -2*l - 2*l + 15 = w*u, -4*l = u - 13. Let i = 4 + l. List the prime factors of i.
7
Suppose b = -b + 32. What are the prime factors of b?
2
Let o be 1 + 0 - (-32)/8. Suppose -t - 45 - 201 = -o*f, 193 = 4*f + 3*t. What are the prime factors of f?
7
Suppose 8 = -2*w + 38. Let a(j) = j**2 - 15*j + 21. What are the prime factors of a(w)?
3, 7
Suppose -3*j + 7*j = -16. List the prime factors of j*(-2)/(-4) - -15.
13
Let n(f) = -11*f**3 - 2*f**2 + 1. Let x be n(1). Let g = x + 22. Suppose -k - 1 = -g. List the prime factors of k.
3
Let g = -116 - -191. List the prime factors of g.
3, 5
Let u be 4*((-30)/8 - 0). List the prime factors of 3/u - 438/(-15).
29
Let j be 30 + (-1 - (1 + -1)). Let d(z) = 2*z**3 + 2*z + 1. Let k be d(-2). Let s = j + k. List the prime factors of s.
2, 5
Let y = -6 + 6. Suppose m + y*m - 21 = 0. List the prime factors of m.
3, 7
Let b = 13 - 18. Let j = b + 7. What are the prime factors of (-6)/j + (2 - -5)?
2
Suppose -3*s + s = -5*f - 11, -5*s = -2*f - 17. Suppose g - 4*p = -s*g + 148, g + p = 41. Suppose 2*q = -11 + g. What are the prime factors of q?
2, 7
Let b(k) = -3*k - 1. Let g be b(-3). Suppose -4*m = -3*r - 24, -4*m - 2*r - g = 3*r. List the prime factors of (0 - (1 - m)) + 7.
3
Suppose -o = -11 - 26. What are the prime factors of o?
37
List the prime factors of 249*8/6*(-4)/(-16).
83
What are the prime factors of (456/(-36))/((-2)/3)?
19
Let a = 7 + -3. Suppose a = n + 1. Suppose -n*d = 6, 0*w + 4*d - 28 = -4*w. List the prime factors of w.
3
Let w = 38 - 20. What are the prime factors of w?
2, 3
Let l be -2 + 3 + (-4)/(-2). What are the prime factors of 20/(l/(-1) + 4)?
2, 5
Suppose y - 2*r = r - 4, 0 = 5*y + 5*r - 40. Suppose 0 = y*p - 52 - 58. List the prime factors of p.
2, 11
Suppose -a = -3*y + 194, -2*a + 260 = 4*y - 3*a. Let q = y - 42. Suppose q = 4*f - f. List the prime factors of f.
2
Let f = 58 + -39. What are the prime factors of f?
19
List the prime factors of ((-174)/(-15))/(8/20).
29
Let f be 7/14 + 73/2. What are the prime factors of 2*f*(-2)/(-4)?
37
Suppose 12 = 3*g - 102. What are the prime factors of g?
2, 19
List the prime factors of -5*1 + -7 + 324.
2, 3, 13
Let k(p) = 2*p**2 - 10*p - 28. List the prime factors of k(-9).
2, 7
Let a(t) be the third derivative of t**5/60 - 5*t**4/24 + 4*t**3/3 - 2*t**2. Let b be a(6). Let v = b - 7. List the prime factors of v.
7
What are the prime factors of ((-84)/10)/(3/(-15))?
2, 3, 7
Let n be ((-270)/(-24))/((-6)/(-16)). Let h = n + -6. What are the prime factors of h?
2, 3
Suppose 58 = -6*m + 8*m. List the prime factors of m.
29
Let h = -3 - -3. Suppose h*d + 5*f = -3*d + 83, -5*f = -4*d + 99. List the prime factors of d.
2, 13
Suppose v = -8*v + 252. What are the prime factors of v?
2, 7
Suppose -p = 1 - 7. Suppose -p = 3*y + 6. What are the prime factors of (y/(-3) + -1)*21?
7
Suppose f + 10 = 3*f. Suppose -f*o + 130 = -75. List the prime factors of o.
41
Suppose 0*m - 16 = -4*m. Suppose -m*s + 72 = -0*s. What are the prime factors of s?
2, 3
What are the prime factors of (-319)/(-6) - 1/6?
53
Let h = 0 + -5. Let j(u) = -u - 1. Let g be j(h). Suppose -3*o + 26 = -g. List the prime factors of o.
2, 5
Let q(l) = l + 5. List the prime factors of q(6).
11
Let u be 116/(-6)*3/(-2). Let r = 53 - u. List the prime factors of r.
2, 3
Let k(q) = q**3 + 9*q**2 + 6*q - 7. List the prime factors of k(-8).
3
Let d be ((-30)/8 - -3)*-4